{"id":624,"date":"2020-06-14T18:08:51","date_gmt":"2020-06-14T16:08:51","guid":{"rendered":"https:\/\/www.lazaroi.ro\/pb\/?page_id=624"},"modified":"2020-08-09T19:14:17","modified_gmt":"2020-08-09T17:14:17","slug":"stare-civila-juridic","status":"publish","type":"page","link":"https:\/\/w2.prundubargaului.ro\/index.php\/stare-civila-juridic\/","title":{"rendered":"Stare civil\u0103 &#8211; Juridic"},"content":{"rendered":"\n<p>Contact:<\/p>\n\n\n\n<p>Telefon: 0757039009<\/p>\n\n\n\n<p>E-mail: primaria@prundubargaului.ro<\/p>\n\n\n\n<p><strong>Program de lucru cu publicul:<\/strong><\/p>\n\n\n\n<p><strong><em>Depuneri cereri<\/em><\/strong>:<br>LUNI- JOI \u00eentre orele 08.30 \u2013 16.00<br>VINERI \u00eentre orele 08.30 \u2013 12.00 <\/p>\n\n\n\n<p><strong><em>Eliberare acte:<\/em><\/strong><br>LUNI- JOI \u00eentre orele 14.00 \u2013 16.00<\/p>\n\n\n\n<p>Atribu\u021biile compartimentului de stare civil\u0103<\/p>\n\n\n\n<ul class=\"wp-block-list\"><li>\u00eentocme\u0219te, la cerere sau din oficiu, potrivit legii, acte de nastere, de c\u0103s\u0103torie \u015fi de deces \u015fi elibereaz\u0103 certificate doveditoare;<\/li><li>\u00eenscrie men\u0163iuni, \u00een condi\u0163iile legii, pe marginea actelor de stare civil\u0103 aflate \u00een p\u0103strare \u015fi trimite comunic\u0103ri de men\u0163iuni pentru \u00eenscriere \u00een registre;<\/li><li>\u00eentocme\u015fte buletinele statistice de na\u015ftere, c\u0103s\u0103torie, deces \u015fi le comunic\u0103 lunar la Direc\u0163ia Regional\u0103 de Statistic\u0103;<\/li><li>r\u0103spunde de corectitudinea datelor preluate din documentele primare \u015fi \u00eenscrise \u00een formulare;<\/li><li>elibereaz\u0103 extrase pentru uz oficial de pe actele de stare civil\u0103;<\/li><li>\u00eenainteaz\u0103 c\u0103tre Serviciul Public Comunitar Local de Eviden\u0163\u0103 Informatizat\u0103 a Persoanei a buletinelor de identitate \u015fi a c\u0103r\u0163ilor de identitate ale celor deceda\u0163i;<\/li><li>ia m\u0103suri de p\u0103strare \u00een condi\u0163ii corespunz\u0103toare a registrelor, certificatelor de stare civil\u0103 pentru a evita deteriorarea sau dispari\u0163ia acestora;<\/li><li>atribuie codul numeric personal, pe baza listelor de coduri precalculate, pe care le arhiveaz\u0103 \u015fi le p\u0103streaz\u0103 \u00een condi\u0163ii depline de securitate;<\/li><li>propune anual, necesarul de registre, certificate de stare civil\u0103, formulare imprimate auxiliare \u015fi cerneal\u0103 special\u0103, pentru anul urm\u0103tor \u015fi \u00eel comunic\u0103 Serviciului public comunitar judetean de eviden\u0163\u0103 a persoanelor;<\/li><li>\u00eenainteaz\u0103 Direc\u0163iei Jude\u0163ene de Eviden\u0163\u0103 a Persoanelor, exemplarul II al registrelor de stare civil\u0103, \u00een termen de 30 de zile de la data c\u00e2nd toate file din registru au fost completate, dup\u0103 ce au fost operate toate men\u0163iunile din exemplarul I;<\/li><li>prime\u015fte cererile \u015fi efectueaz\u0103 verific\u0103ri cu privire la rectificarea numelui pe cale administrativ\u0103 \u015fi transcrierea certificatelor de stare civil\u0103 procurate din str\u0103in\u0103tate;<\/li><li>la solicitarea instan\u0163elor, efectueaz\u0103 verific\u0103ri cu privire la anularea, completarea, rectificarea ori modificarea actelor de stare civil\u0103, declararea dispari\u0163iei sau a mor\u0163ii pe cale judec\u0103toreasc\u0103 \u015fi \u00eenregistrarea tardiv\u0103 a na\u015fterii;<\/li><li>\u00eenregistrarea declara\u0163iilor de na\u015ftere, c\u0103s\u0103torie, deces, a cererilor, precum \u015fi a \u00eentregii coresponden\u0163e se face \u00eentr-un registru de intrare-ie\u015fire distinct, care apar\u0163ine Compartimentului Registru agricol, Stare Civil\u0103, numerotarea actelor f\u0103c\u00e2ndu-se diferit de restul actelor din prim\u0103rie;<\/li><li>duce la \u00eendeplinire obligatiile privind comunicarea cita\u0163iilor \u015fi actelor de procedur\u0103, \u00een condi\u0163iile Codului de procedur\u0103 civil\u0103;<\/li><li>\u00eentocme\u015fte dosarul de divor\u0163 pe cale administrativ\u0103 \u015fi elibereaz\u0103 certificatul de divor\u0163, potrivit Metodologiei nr. 2112516\/2010 a MAI- Direc\u0163ia pentru eviden\u0163a persoanelor \u015fi administrarea bazelor de date \u015fi elibereaz\u0103 certificatul de divor\u0163.<\/li><\/ul>\n\n\n\n<p><\/p>\n\n\n\n<p><\/p>\n","protected":false},"excerpt":{"rendered":"<p>Contact: Telefon: 0757039009 E-mail: primaria@prundubargaului.ro Program de lucru cu publicul: Depuneri cereri:LUNI- JOI \u00eentre orele 08.30 \u2013 16.00VINERI \u00eentre orele 08.30 \u2013 12.00 Eliberare acte:LUNI- JOI \u00eentre orele 14.00 \u2013 16.00 Atribu\u021biile compartimentului de stare civil\u0103 \u00eentocme\u0219te, la cerere sau din oficiu, potrivit legii, acte de nastere, de c\u0103s\u0103torie \u015fi de deces \u015fi elibereaz\u0103 certificate [&hellip;]<\/p>\n","protected":false},"author":2,"featured_media":0,"parent":0,"menu_order":0,"comment_status":"closed","ping_status":"closed","template":"","meta":{"_et_pb_use_builder":"off","_et_pb_old_content":"","_et_gb_content_width":"","footnotes":""},"class_list":["post-624","page","type-page","status-publish","hentry"],"_links":{"self":[{"href":"https:\/\/w2.prundubargaului.ro\/index.php\/wp-json\/wp\/v2\/pages\/624","targetHints":{"allow":["GET"]}}],"collection":[{"href":"https:\/\/w2.prundubargaului.ro\/index.php\/wp-json\/wp\/v2\/pages"}],"about":[{"href":"https:\/\/w2.prundubargaului.ro\/index.php\/wp-json\/wp\/v2\/types\/page"}],"author":[{"embeddable":true,"href":"https:\/\/w2.prundubargaului.ro\/index.php\/wp-json\/wp\/v2\/users\/2"}],"replies":[{"embeddable":true,"href":"https:\/\/w2.prundubargaului.ro\/index.php\/wp-json\/wp\/v2\/comments?post=624"}],"version-history":[{"count":0,"href":"https:\/\/w2.prundubargaului.ro\/index.php\/wp-json\/wp\/v2\/pages\/624\/revisions"}],"wp:attachment":[{"href":"https:\/\/w2.prundubargaului.ro\/index.php\/wp-json\/wp\/v2\/media?parent=624"}],"curies":[{"name":"wp","href":"https:\/\/api.w.org\/{rel}","templated":true}]}}